{"id":32,"date":"2021-08-27T11:45:43","date_gmt":"2021-08-27T09:45:43","guid":{"rendered":"https:\/\/www.lepartiteiva.it\/index.php\/prodotto\/v-neck-t-shirt\/"},"modified":"2023-04-08T15:47:57","modified_gmt":"2023-04-08T13:47:57","slug":"tessera-2023","status":"publish","type":"product","link":"https:\/\/www.lepartiteiva.it\/index.php\/prodotto\/tessera-2023\/","title":{"rendered":"TESSERA ASSOCIATIVA ANNO 2023"},"content":{"rendered":"<div>La nostra associazione non percepisce contributi da NESSUN PARTITO POLITICO l&#8217;unico nostro sostentamento \u00e8 dato dalle tessere e dalle donazioni.<\/div>\n<div>In questi anni abbiamo fatto oltre 130 manifestazioni in tutta Italia portando le istanze delle P.IVA e del popolo produttivo non solo nelle piazze ma anche nelle istituzioni dove alcune volte siamo stati ascoltati e altre volte, purtroppo, no.<\/div>\n<div>Abbiamo la fierezza e l&#8217;orgoglio di rappresentare un popolo per anni denigrato la cui dignit\u00e0 \u00e8 giornalmente calpestata e noi lottiamo perch\u00e8 qualcosa cambi! ci hanno accusato di sognare, bene, s\u00ec siamo sognatori, sogniamo un paese migliore, sogniamo la difesa del Made in Italy, sogniamo maggiori tutele per la nostra categoria, sogniamo e siamo convinti che un futuro migliore per le P.IVA deve esserci e che SOLO LE PARTITE IVA POSSONO DIFENDERE LE PARTITE IVA\u00a0 per questo vi chiediamo di aiutarci ad aiutarvi facendo una donazione o sottoscrivendo la tessera\u00a0 che anche quest&#8217;anno \u00e8 di euro 25,00 ( 0,07 centesimi al giorno) crediamo ne valga propria la pena.<\/p>\n<div class=\"yj6qo\"><\/div>\n<div class=\"adL\"><\/div>\n<\/div>\n","protected":false},"excerpt":{"rendered":"<p>TESSERA ASSOCIATIVA ANNUALE 2023<\/p>\n","protected":false},"featured_media":8109,"comment_status":"closed","ping_status":"closed","template":"","meta":{"spay_email":""},"product_cat":[19],"product_tag":[],"jetpack-related-posts":[{"id":38,"url":"https:\/\/www.lepartiteiva.it\/index.php\/prodotto\/tessera-sostenitore-2023\/","url_meta":{"origin":32,"position":0},"title":"TESSERA SOCIO SOSTENITORE ANNO 2023","date":"27 Agosto 2021","format":false,"excerpt":"TESSERA ANNUALE 2023.","rel":"","context":"Articolo simile","img":{"alt_text":"","src":"https:\/\/i2.wp.com\/www.lepartiteiva.it\/wp-content\/uploads\/2021\/08\/LE-PARTITE-IVA-TESSERA-SOCIO-2023.jpg?resize=350%2C200&ssl=1","width":350,"height":200},"classes":[]}],"_links":{"self":[{"href":"https:\/\/www.lepartiteiva.it\/index.php\/wp-json\/wp\/v2\/product\/32"}],"collection":[{"href":"https:\/\/www.lepartiteiva.it\/index.php\/wp-json\/wp\/v2\/product"}],"about":[{"href":"https:\/\/www.lepartiteiva.it\/index.php\/wp-json\/wp\/v2\/types\/product"}],"replies":[{"embeddable":true,"href":"https:\/\/www.lepartiteiva.it\/index.php\/wp-json\/wp\/v2\/comments?post=32"}],"version-history":[{"count":2,"href":"https:\/\/www.lepartiteiva.it\/index.php\/wp-json\/wp\/v2\/product\/32\/revisions"}],"predecessor-version":[{"id":8110,"href":"https:\/\/www.lepartiteiva.it\/index.php\/wp-json\/wp\/v2\/product\/32\/revisions\/8110"}],"wp:featuredmedia":[{"embeddable":true,"href":"https:\/\/www.lepartiteiva.it\/index.php\/wp-json\/wp\/v2\/media\/8109"}],"wp:attachment":[{"href":"https:\/\/www.lepartiteiva.it\/index.php\/wp-json\/wp\/v2\/media?parent=32"}],"wp:term":[{"taxonomy":"product_cat","embeddable":true,"href":"https:\/\/www.lepartiteiva.it\/index.php\/wp-json\/wp\/v2\/product_cat?post=32"},{"taxonomy":"product_tag","embeddable":true,"href":"https:\/\/www.lepartiteiva.it\/index.php\/wp-json\/wp\/v2\/product_tag?post=32"}],"curies":[{"name":"wp","href":"https:\/\/api.w.org\/{rel}","templated":true}]}}